{"id":1085,"date":"2023-01-16T01:00:56","date_gmt":"2023-01-16T00:00:56","guid":{"rendered":"https:\/\/orangeorchardverlag.de\/?page_id=1085"},"modified":"2025-01-14T22:08:34","modified_gmt":"2025-01-14T21:08:34","slug":"impressum","status":"publish","type":"page","link":"https:\/\/orangeorchardverlag.de\/index.php\/impressum\/","title":{"rendered":"Impressum"},"content":{"rendered":"\n<h4 class=\"wp-block-heading\">Diensteanbieter<\/h4>\n\n\n\n<p>OO Media LLC<br>30 N Gould St Ste R<br>Sheridan, WY 82801<br>USA<\/p>\n\n\n\n<h4 class=\"wp-block-heading\">Kontaktm\u00f6glichkeiten<\/h4>\n\n\n\n<p><strong>E\u2011Mail Adresse:<\/strong>\u00a0kontakt@orangeorchardverlag.de<\/p>\n\n\n\n<h4 class=\"wp-block-heading\">Vertretungsberechtigte<\/h4>\n\n\n\n<p><strong>Vertretungsberechtigt:<\/strong>&nbsp;Patrick Ziegler<\/p>\n\n\n\n<h4 class=\"wp-block-heading\">Angaben zum Unternehmen<\/h4>\n\n\n\n<p><strong>EIN Nummer:<\/strong>&nbsp;32-0690388<\/p>\n\n\n\n<h4 class=\"wp-block-heading\">Register<\/h4>\n\n\n\n<p>Die OO Media LLC wurde im Staat Wyoming in den USA gegr\u00fcndet.<br><br><strong>Gef\u00fchrt in<\/strong>:&nbsp;Wyoming State<\/p>\n\n\n\n<h4 class=\"wp-block-heading\">Online-Streitbeilegung (OS)<\/h4>\n\n\n\n<p>Online-Streitbeilegung: Die Europ\u00e4ische Kommission stellt eine Plattform zur Online-Streitbeilegung (OS) bereit, die Sie unter&nbsp;<a href=\"https:\/\/ec.europa.eu\/consumers\/odr\/\" target=\"_blank\" rel=\"noreferrer noopener\">https:\/\/ec.europa.eu\/consumers\/odr\/<\/a>&nbsp;finden. Verbraucher haben die M\u00f6glichkeit, diese Plattform f\u00fcr die Beilegung ihrer Streitigkeiten zu nutzen.<\/p>\n\n\n\n<h4 class=\"wp-block-heading\">Social Media und andere Onlinepr\u00e4senzen<\/h4>\n\n\n\n<p><strong>Dieses Impressum gilt auch f\u00fcr die folgenden Social-Media-Pr\u00e4senzen und Onlineprofile:<\/strong><\/p>\n\n\n\n<p><a href=\"https:\/\/facebook.com\/jfautor\">https:\/\/facebook.com\/<\/a><\/p>\n\n\n\n<h4 class=\"wp-block-heading\">Haftungs- und Schutzrechtshinweise<\/h4>\n\n\n\n<p><strong>Haftungsausschluss<\/strong>: Die Inhalte dieses Onlineangebotes wurden sorgf\u00e4ltig und nach unserem aktuellen Kenntnisstand erstellt, dienen jedoch nur der Information und entfalten keine rechtlich bindende Wirkung, sofern es sich nicht um gesetzlich verpflichtende Informationen (z.B. das Impressum, die Datenschutzerkl\u00e4rung, AGB oder verpflichtende Belehrungen von Verbrauchern) handelt. Wir weisen des Weiteren darauf hin, dass wir keinerlei Therapieberatung erbringen. Die geschilderten Methoden und Schilderungen wurden teilweise zur besseren Verst\u00e4ndlichkeit und Veranschaulichung vereinfacht dargestellt. Alle von uns erteilten Ratschl\u00e4ge fu\u00dfen ausschlie\u00dflich auf pers\u00f6nlicher Erfahrung und Meinung. Auch, wenn wir jede Empfehlung mit gr\u00f6\u00dftm\u00f6glicher Sorgfalt und umfangreicher Recherche entwickelt und fortlaufend kritisch hinterfragt haben, k\u00f6nnen wir hierf\u00fcr keinerlei Gew\u00e4hr bieten. Gleiches gilt auch f\u00fcr die Vollst\u00e4ndigkeit und Richtigkeit der dargestellten Inhalte. Die erteilten Ratschl\u00e4ge k\u00f6nnen ferner auch keine fundierte und auf den individuellen Einzelfall zugeschnittene Beratung ersetzen. Wir k\u00f6nnen daher weder eine Erfolgsgarantie, noch eine Haftung f\u00fcr eventuelle Folgen ihrer Anwendung \u00fcbernehmen. Wir behalten uns vor, die Inhalte vollst\u00e4ndig oder teilweise zu \u00e4ndern oder zu l\u00f6schen, soweit vertragliche Verpflichtungen unber\u00fchrt bleiben. Alle Angebote sind freibleibend und unverbindlich.<\/p>\n\n\n\n<p><strong>Urheberrechte und Markenrechte<\/strong>: Alle auf dieser Website dargestellten Inhalte, wie Texte, Fotografien, Grafiken, Marken und Warenzeichen sind durch die jeweiligen Schutzrechte (Urheberrechte, Markenrechte) gesch\u00fctzt. Die Verwendung, Vervielf\u00e4ltigung usw. unterliegen unseren Rechten oder den Rechten der jeweiligen Urheber bzw. Rechteverwalter.<\/p>\n\n\n\n<p><strong>Hinweise auf Rechtsverst\u00f6\u00dfe<\/strong>: Sollten Sie innerhalb unseres Internetauftritts Rechtsverst\u00f6\u00dfe bemerken, bitten wir Sie uns auf diese hinzuweisen. Wir werden rechtswidrige Inhalte und Links nach Kenntnisnahme unverz\u00fcglich entfernen.<\/p>\n","protected":false},"excerpt":{"rendered":"<p>Diensteanbieter OO Media LLC30 N Gould St Ste RSheridan, WY 82801USA Kontaktm\u00f6glichkeiten E\u2011Mail Adresse:\u00a0kontakt@orangeorchardverlag.de Vertretungsberechtigte Vertretungsberechtigt:&nbsp;Patrick Ziegler Angaben zum Unternehmen EIN Nummer:&nbsp;32-0690388 Register Die OO Media LLC wurde im Staat Wyoming in den USA gegr\u00fcndet. Gef\u00fchrt in:&nbsp;Wyoming State Online-Streitbeilegung (OS) Online-Streitbeilegung: Die Europ\u00e4ische Kommission stellt eine Plattform zur Online-Streitbeilegung (OS) bereit, die Sie unter&nbsp;https:\/\/ec.europa.eu\/consumers\/odr\/&nbsp;finden. Verbraucher [&hellip;]<\/p>\n","protected":false},"author":1,"featured_media":0,"parent":0,"menu_order":0,"comment_status":"closed","ping_status":"closed","template":"","meta":{"site-sidebar-layout":"default","site-content-layout":"","ast-site-content-layout":"default","site-content-style":"default","site-sidebar-style":"default","ast-global-header-display":"","ast-banner-title-visibility":"","ast-main-header-display":"","ast-hfb-above-header-display":"","ast-hfb-below-header-display":"","ast-hfb-mobile-header-display":"","site-post-title":"","ast-breadcrumbs-content":"","ast-featured-img":"","footer-sml-layout":"","theme-transparent-header-meta":"","adv-header-id-meta":"","stick-header-meta":"","header-above-stick-meta":"","header-main-stick-meta":"","header-below-stick-meta":"","astra-migrate-meta-layouts":"set","ast-page-background-enabled":"default","ast-page-background-meta":{"desktop":{"background-color":"","background-image":"","background-repeat":"repeat","background-position":"center center","background-size":"auto","background-attachment":"scroll","background-type":"","background-media":"","overlay-type":"","overlay-color":"","overlay-opacity":"","overlay-gradient":""},"tablet":{"background-color":"","background-image":"","background-repeat":"repeat","background-position":"center center","background-size":"auto","background-attachment":"scroll","background-type":"","background-media":"","overlay-type":"","overlay-color":"","overlay-opacity":"","overlay-gradient":""},"mobile":{"background-color":"","background-image":"","background-repeat":"repeat","background-position":"center center","background-size":"auto","background-attachment":"scroll","background-type":"","background-media":"","overlay-type":"","overlay-color":"","overlay-opacity":"","overlay-gradient":""}},"ast-content-background-meta":{"desktop":{"background-color":"var(--ast-global-color-5)","background-image":"","background-repeat":"repeat","background-position":"center center","background-size":"auto","background-attachment":"scroll","background-type":"","background-media":"","overlay-type":"","overlay-color":"","overlay-opacity":"","overlay-gradient":""},"tablet":{"background-color":"var(--ast-global-color-5)","background-image":"","background-repeat":"repeat","background-position":"center center","background-size":"auto","background-attachment":"scroll","background-type":"","background-media":"","overlay-type":"","overlay-color":"","overlay-opacity":"","overlay-gradient":""},"mobile":{"background-color":"var(--ast-global-color-5)","background-image":"","background-repeat":"repeat","background-position":"center center","background-size":"auto","background-attachment":"scroll","background-type":"","background-media":"","overlay-type":"","overlay-color":"","overlay-opacity":"","overlay-gradient":""}},"footnotes":""},"class_list":["post-1085","page","type-page","status-publish","hentry"],"_links":{"self":[{"href":"https:\/\/orangeorchardverlag.de\/index.php\/wp-json\/wp\/v2\/pages\/1085","targetHints":{"allow":["GET"]}}],"collection":[{"href":"https:\/\/orangeorchardverlag.de\/index.php\/wp-json\/wp\/v2\/pages"}],"about":[{"href":"https:\/\/orangeorchardverlag.de\/index.php\/wp-json\/wp\/v2\/types\/page"}],"author":[{"embeddable":true,"href":"https:\/\/orangeorchardverlag.de\/index.php\/wp-json\/wp\/v2\/users\/1"}],"replies":[{"embeddable":true,"href":"https:\/\/orangeorchardverlag.de\/index.php\/wp-json\/wp\/v2\/comments?post=1085"}],"version-history":[{"count":2,"href":"https:\/\/orangeorchardverlag.de\/index.php\/wp-json\/wp\/v2\/pages\/1085\/revisions"}],"predecessor-version":[{"id":1217,"href":"https:\/\/orangeorchardverlag.de\/index.php\/wp-json\/wp\/v2\/pages\/1085\/revisions\/1217"}],"wp:attachment":[{"href":"https:\/\/orangeorchardverlag.de\/index.php\/wp-json\/wp\/v2\/media?parent=1085"}],"curies":[{"name":"wp","href":"https:\/\/api.w.org\/{rel}","templated":true}]}}